{"id":231,"date":"2025-09-18T17:48:33","date_gmt":"2025-09-18T17:48:33","guid":{"rendered":"https:\/\/hoeffler.org\/?page_id=231"},"modified":"2026-02-21T10:03:56","modified_gmt":"2026-02-21T10:03:56","slug":"ma-10","status":"publish","type":"page","link":"https:\/\/lemika.de\/?page_id=231","title":{"rendered":"Ma 10"},"content":{"rendered":"\n<p><strong>T\u00e4gliche \u00dcbungen<\/strong><\/p>\n\n\n\n<div class=\"wp-block-columns is-layout-flex wp-container-core-columns-is-layout-28f84493 wp-block-columns-is-layout-flex\">\n<div class=\"wp-block-column is-layout-flow wp-block-column-is-layout-flow\">\n<ol class=\"wp-block-list\">\n<li><a href=\"https:\/\/www.geogebra.org\/m\/zgzs5hym\" target=\"_blank\" rel=\"noreferrer noopener\">T\u00dc 07_01<\/a><\/li>\n\n\n\n<li><a href=\"https:\/\/www.geogebra.org\/m\/yffqajbh\" target=\"_blank\" rel=\"noreferrer noopener\">T\u00dc 07_02<\/a><\/li>\n\n\n\n<li><a href=\"https:\/\/www.geogebra.org\/m\/una9cdcq\" target=\"_blank\" rel=\"noreferrer noopener\">T\u00dc 07_03<\/a><\/li>\n\n\n\n<li><a href=\"https:\/\/www.geogebra.org\/m\/rx93b2xx\" target=\"_blank\" rel=\"noreferrer noopener\">T\u00dc 07_04<\/a><\/li>\n\n\n\n<li><a href=\"https:\/\/www.geogebra.org\/m\/npuq9ddn\" target=\"_blank\" rel=\"noreferrer noopener\">T\u00dc 07_05<\/a><\/li>\n\n\n\n<li><a href=\"https:\/\/www.geogebra.org\/m\/nnamayex\" target=\"_blank\" rel=\"noreferrer noopener\">T\u00dc 07_06<\/a><\/li>\n\n\n\n<li><a href=\"https:\/\/www.geogebra.org\/m\/gaz65gne\" target=\"_blank\" rel=\"noreferrer noopener\">T\u00dc 07_07<\/a><\/li>\n\n\n\n<li><a href=\"https:\/\/www.geogebra.org\/m\/gaz65gne\" target=\"_blank\" rel=\"noreferrer noopener\">T\u00dc 07_08<\/a><br><\/li>\n<\/ol>\n<\/div>\n\n\n\n<div class=\"wp-block-column is-layout-flow wp-block-column-is-layout-flow\">\n<ol class=\"wp-block-list\">\n<li><a href=\"https:\/\/www.geogebra.org\/m\/esjmzkvv\" target=\"_blank\" rel=\"noreferrer noopener\">T\u00dc 08_01<\/a><\/li>\n\n\n\n<li><a href=\"https:\/\/www.geogebra.org\/m\/t9acyqzm\" target=\"_blank\" rel=\"noreferrer noopener\">T\u00dc 08_02<\/a><\/li>\n\n\n\n<li><a href=\"https:\/\/www.geogebra.org\/m\/cx3ntwrx\">T\u00dc 08_03<\/a><\/li>\n\n\n\n<li><\/li>\n<\/ol>\n<\/div>\n\n\n\n<div class=\"wp-block-column is-layout-flow wp-block-column-is-layout-flow\"><\/div>\n<\/div>\n\n\n\n<p><strong>Trigonometrie im rechtwinkligen Dreieck<\/strong><\/p>\n\n\n\n<ol class=\"wp-block-list\">\n<li><a href=\"https:\/\/www.geogebra.org\/m\/qqrbz4h5\">Basiswissen Trigonometrie<\/a><\/li>\n\n\n\n<li><a href=\"https:\/\/www.geogebra.org\/m\/cshtnkyv\">\u00dc Gleichungen erkennen<\/a><\/li>\n\n\n\n<li><a href=\"https:\/\/www.geogebra.org\/m\/utjxxukk\">Zusammenh\u00e4nge im rechtwinkligen Dreieck erkunden<\/a><\/li>\n\n\n\n<li><a rel=\"noreferrer noopener\" href=\"https:\/\/www.geogebra.org\/m\/frm5bdz2\" target=\"_blank\">\u00dc Gleichungen im rechtwinkligen Dreieck aufstellen<\/a> I<\/li>\n\n\n\n<li><a rel=\"noreferrer noopener\" href=\"https:\/\/www.geogebra.org\/m\/fw3xfgdc\" target=\"_blank\">\u00dc Gleichungen im rechtwinkligen Dreieck aufstellen II<\/a><\/li>\n\n\n\n<li>\u00dc <a rel=\"noreferrer noopener\" href=\"https:\/\/www.geogebra.org\/m\/frephyt2\" target=\"_blank\">Bestimmen von Winkelwerten mithilfe von Dreiecken<\/a><\/li>\n\n\n\n<li><a rel=\"noreferrer noopener\" href=\"https:\/\/www.geogebra.org\/m\/w3qajdyk\" target=\"_blank\">\u00dc Berechnungen im rechtwinkligen Dreieck<\/a><\/li>\n\n\n\n<li><a href=\"https:\/\/www.geogebra.org\/m\/jagkpyzt\">Trigonometrie am Einheitskreis<\/a><\/li>\n<\/ol>\n\n\n\n<p><strong>Trigonometrie im beliebigen Dreieck<\/strong><\/p>\n\n\n\n<ol class=\"wp-block-list\">\n<li><a href=\"https:\/\/www.geogebra.org\/m\/qy7mwxyh\">Herleitung des Sinussatzes<\/a><\/li>\n\n\n\n<li><a href=\"https:\/\/www.geogebra.org\/m\/nhqnukzc\">\u00dc Sinussatz<\/a><\/li>\n\n\n\n<li><a href=\"https:\/\/www.geogebra.org\/m\/rdepqsvd\">Herleitung des Kosinussatzes<\/a><\/li>\n\n\n\n<li><a href=\"https:\/\/www.geogebra.org\/m\/ugdwbxba\">Komplexe Anwendungsaufgabe<\/a> (Drohne)<\/li>\n<\/ol>\n\n\n\n<p><strong>Trigonometrische Funktionen<\/strong><\/p>\n\n\n\n<ol class=\"wp-block-list\">\n<li><a href=\"https:\/\/www.geogebra.org\/m\/mrbrpqjj\" target=\"_blank\" rel=\"noreferrer noopener\">\u00dc Umwandlung vom Gradma\u00df ins Bogenma\u00df und umgekehrt<\/a> <\/li>\n\n\n\n<li><a rel=\"noreferrer noopener\" aria-label=\"Konstruktion der Sinusfunktion (\u00f6ffnet in neuem Tab)\" href=\"https:\/\/www.geogebra.org\/m\/apf5gj4h\" target=\"_blank\">Konstruktion der Sinusfunktion<\/a><\/li>\n\n\n\n<li><a rel=\"noreferrer noopener\" aria-label=\"Einfluss des Parameters a auf die Eigenschaften (\u00f6ffnet in neuem Tab)\" href=\"https:\/\/www.geogebra.org\/m\/ggurrrra\" target=\"_blank\">Einfluss des Parameters a auf den Graphen<\/a> (Sinusfunktion)<\/li>\n\n\n\n<li><a rel=\"noreferrer noopener\" aria-label=\"Einfluss des Parameters b auf den Graphen (\u00f6ffnet in neuem Tab)\" href=\"https:\/\/www.geogebra.org\/m\/tntucppc\" target=\"_blank\">Einfluss des Parameters b auf den Graphen<\/a> (Sinusfunktion)<\/li>\n\n\n\n<li><a href=\"https:\/\/www.geogebra.org\/m\/fmhjc2ca\">Einfluss der Parameter a und b auf den Graphen<\/a> (Sinusfunktion)<\/li>\n\n\n\n<li><a rel=\"noreferrer noopener\" aria-label=\"Konstruktion der Kosinusfunktion (\u00f6ffnet in neuem Tab)\" href=\"https:\/\/www.geogebra.org\/m\/wv2bkv9q\" target=\"_blank\">Konstruktion der Kosinusfunktion<\/a><\/li>\n<\/ol>\n\n\n\n<p><strong>Trigonometrische Gleichungen<\/strong><\/p>\n\n\n\n<ol class=\"wp-block-list\">\n<li><a rel=\"noreferrer noopener\" href=\"https:\/\/www.geogebra.org\/m\/mxtmh4je\" target=\"_blank\">\u00dc L\u00f6sen von trigonometrischen Gleichungen I<\/a><\/li>\n\n\n\n<li><a href=\"https:\/\/www.geogebra.org\/m\/gkkendyt\" target=\"_blank\" rel=\"noreferrer noopener\">\u00dc L\u00f6sen von trigonometrischen Gleichungen II<\/a> (nur mit Vorwissen 1.)<\/li>\n<\/ol>\n\n\n\n<p><strong>Exponentialfunktionen<\/strong><\/p>\n\n\n\n<ol class=\"wp-block-list\">\n<li><a rel=\"noreferrer noopener\" href=\"https:\/\/www.geogebra.org\/m\/uevqh22j\" target=\"_blank\">\u00dc Lineares oder exponentielles Wachstum?<\/a><\/li>\n\n\n\n<li><a href=\"https:\/\/www.geogebra.org\/m\/cfqt7x9t\" target=\"_blank\" rel=\"noreferrer noopener\">\u00dc Modellierung Graph durch zwei Punkte<\/a> (lineare Funktion, Exponentialfunktion, Potenzfunktion)<\/li>\n\n\n\n<li><a rel=\"noreferrer noopener\" href=\"https:\/\/www.geogebra.org\/m\/a6ujzb9d\" target=\"_blank\">\u00dc Prozentuale \u00c4nderung und Wachstumsfaktor<\/a><\/li>\n\n\n\n<li><a rel=\"noreferrer noopener\" href=\"https:\/\/www.geogebra.org\/m\/cbn26ysr\" target=\"_blank\">\u00dc Funktionsgleichung ermitteln<\/a><\/li>\n\n\n\n<li><a href=\"https:\/\/www.geogebra.org\/m\/uzpxhxur\">Vom Graphen zur Funktionsgleichung<\/a><\/li>\n\n\n\n<li><a rel=\"noreferrer noopener\" href=\"https:\/\/www.geogebra.org\/m\/asx9zfs5\" target=\"_blank\">\u00dc Aufgabe Abk\u00fchlung<\/a><\/li>\n\n\n\n<li><a rel=\"noreferrer noopener\" href=\"https:\/\/www.geogebra.org\/m\/ggzgetkf\" target=\"_blank\">\u00dc Aufgabe Bakterienwachstum<\/a><\/li>\n\n\n\n<li><a rel=\"noreferrer noopener\" href=\"https:\/\/www.geogebra.org\/m\/ffnrwmtq\" target=\"_blank\">\u00dc Berechnung Logarithmus (ohne Hilfsmittel)<\/a><\/li>\n\n\n\n<li><a rel=\"noreferrer noopener\" href=\"https:\/\/www.geogebra.org\/m\/dx5eucfr\" target=\"_blank\">\u00dc Logarithmengesetze<\/a><\/li>\n\n\n\n<li><a rel=\"noreferrer noopener\" href=\"https:\/\/www.geogebra.org\/m\/yfrcfb23\" target=\"_blank\">\u00dcbungstest (Druckvorlage)<\/a><\/li>\n\n\n\n<li><a rel=\"noreferrer noopener\" href=\"https:\/\/www.geogebra.org\/m\/fbszvvdn\" target=\"_blank\">\u00dc Umkehrfunktion<\/a><\/li>\n<\/ol>\n\n\n\n<p><strong>Stochastik<\/strong><\/p>\n\n\n\n<ol class=\"wp-block-list\">\n<li><a href=\"https:\/\/www.geogebra.org\/m\/cajunxs8\">Mehrstufige Zufallsexperimente (Baumdiagramme)<\/a><\/li>\n\n\n\n<li><a href=\"https:\/\/www.geogebra.org\/m\/eektfnvz\">Das Geburtstagsproblem<\/a><\/li>\n\n\n\n<li><a href=\"https:\/\/www.geogebra.org\/m\/abxgkpep\" target=\"_blank\" rel=\"noreferrer noopener\">Das Ziegenproblem<\/a><\/li>\n<\/ol>\n\n\n\n<p><strong>Ganzrationale Funktionen<\/strong><\/p>\n\n\n\n<ol class=\"wp-block-list\">\n<li><a rel=\"noreferrer noopener\" href=\"https:\/\/www.geogebra.org\/m\/r6tansym\" target=\"_blank\">Symmetrie von Funktionsgraphen<\/a><\/li>\n\n\n\n<li><a rel=\"noreferrer noopener\" href=\"https:\/\/www.geogebra.org\/m\/eb9aa568\" target=\"_blank\">\u00dc L\u00f6sen von Gleichungen h\u00f6heren Grades<\/a><\/li>\n\n\n\n<li><a href=\"https:\/\/www.geogebra.org\/m\/gmyq3xp8\" target=\"_blank\" rel=\"noreferrer noopener\">\u00dc Mittlere \u00c4nderungsrate ermitteln<\/a><\/li>\n\n\n\n<li><a rel=\"noreferrer noopener\" href=\"https:\/\/www.geogebra.org\/m\/temnen5e\" target=\"_blank\">Von der mittleren zur lokalen \u00c4nderungsrate<\/a><\/li>\n\n\n\n<li><a rel=\"noreferrer noopener\" href=\"https:\/\/www.geogebra.org\/m\/aahbhyym\" target=\"_blank\">Graph der Ableitungsfunktion zeichnerisch ermitteln<\/a><\/li>\n\n\n\n<li><a rel=\"noreferrer noopener\" href=\"https:\/\/www.geogebra.org\/m\/usc5n2gx\" target=\"_blank\">\u00dc Graph der Ableitungsfunktion skizzieren (qualitativ)<\/a><\/li>\n\n\n\n<li><a rel=\"noreferrer noopener\" href=\"https:\/\/www.geogebra.org\/m\/put4d4rg\" target=\"_blank\">\u00dc Graph von f bzw. f\u00b4ermitteln<\/a><\/li>\n\n\n\n<li><a rel=\"noreferrer noopener\" href=\"https:\/\/www.geogebra.org\/m\/rsrnhd2t\" target=\"_blank\">Erste Ableitung mithilfe der h-Methode ermitteln<\/a><\/li>\n\n\n\n<li><a rel=\"noreferrer noopener\" href=\"https:\/\/www.geogebra.org\/m\/fyxd7bbf\" target=\"_blank\">\u00dc Einfache Ableitungsregeln<\/a><\/li>\n<\/ol>\n\n\n\n<p><\/p>\n<p>Views: 2626<\/p>","protected":false},"excerpt":{"rendered":"<p>T\u00e4gliche \u00dcbungen Trigonometrie im rechtwinkligen Dreieck Trigonometrie im beliebigen Dreieck Trigonometrische Funktionen Trigonometrische Gleichungen Exponentialfunktionen Stochastik Ganzrationale Funktionen Views: 2626<\/p>\n","protected":false},"author":1,"featured_media":0,"parent":48,"menu_order":10,"comment_status":"closed","ping_status":"closed","template":"","meta":{"footnotes":""},"class_list":["post-231","page","type-page","status-publish","hentry"],"_links":{"self":[{"href":"https:\/\/lemika.de\/index.php?rest_route=\/wp\/v2\/pages\/231","targetHints":{"allow":["GET"]}}],"collection":[{"href":"https:\/\/lemika.de\/index.php?rest_route=\/wp\/v2\/pages"}],"about":[{"href":"https:\/\/lemika.de\/index.php?rest_route=\/wp\/v2\/types\/page"}],"author":[{"embeddable":true,"href":"https:\/\/lemika.de\/index.php?rest_route=\/wp\/v2\/users\/1"}],"replies":[{"embeddable":true,"href":"https:\/\/lemika.de\/index.php?rest_route=%2Fwp%2Fv2%2Fcomments&post=231"}],"version-history":[{"count":74,"href":"https:\/\/lemika.de\/index.php?rest_route=\/wp\/v2\/pages\/231\/revisions"}],"predecessor-version":[{"id":2184,"href":"https:\/\/lemika.de\/index.php?rest_route=\/wp\/v2\/pages\/231\/revisions\/2184"}],"up":[{"embeddable":true,"href":"https:\/\/lemika.de\/index.php?rest_route=\/wp\/v2\/pages\/48"}],"wp:attachment":[{"href":"https:\/\/lemika.de\/index.php?rest_route=%2Fwp%2Fv2%2Fmedia&parent=231"}],"curies":[{"name":"wp","href":"https:\/\/api.w.org\/{rel}","templated":true}]}}