{"id":267,"date":"2020-06-01T07:44:37","date_gmt":"2020-06-01T07:44:37","guid":{"rendered":"https:\/\/hoeffler.org\/?page_id=267"},"modified":"2022-10-14T06:01:53","modified_gmt":"2022-10-14T06:01:53","slug":"ma-1","status":"publish","type":"page","link":"https:\/\/lemika.de\/?page_id=267","title":{"rendered":"Ma 1"},"content":{"rendered":"\n<ol class=\"wp-block-list\"><li><a rel=\"noreferrer noopener\" href=\"https:\/\/www.geogebra.org\/m\/ACsajThp\" target=\"_blank\">\u00dc Addition bis 20<\/a><\/li><li><a rel=\"noreferrer noopener\" href=\"https:\/\/www.geogebra.org\/m\/ypbp3grp\" target=\"_blank\">\u00dc1 Additon und Subtraktion bis 100<\/a><\/li><li><a rel=\"noreferrer noopener\" href=\"https:\/\/www.geogebra.org\/m\/grmf6hgx\" target=\"_blank\">\u00dc2 Addition und Subtraktion bis 100<\/a><\/li><li><a rel=\"noreferrer noopener\" href=\"https:\/\/www.geogebra.org\/m\/gu8uZcM5\" target=\"_blank\">\u00dc Zerlegung in Summanden<\/a><\/li><li><a href=\"https:\/\/www.geogebra.org\/m\/jm9herdx\">\u00dc Zahlenmauer Addition<\/a> (KV)<\/li><\/ol>\n\n\n\n<p><\/p>\n<p>Views: 1173<\/p>","protected":false},"excerpt":{"rendered":"<p>\u00dc Addition bis 20 \u00dc1 Additon und Subtraktion bis 100 \u00dc2 Addition und Subtraktion bis 100 \u00dc Zerlegung in Summanden \u00dc Zahlenmauer Addition (KV) Views: 1173<\/p>\n","protected":false},"author":1,"featured_media":0,"parent":48,"menu_order":1,"comment_status":"closed","ping_status":"closed","template":"","meta":{"footnotes":""},"class_list":["post-267","page","type-page","status-publish","hentry"],"_links":{"self":[{"href":"https:\/\/lemika.de\/index.php?rest_route=\/wp\/v2\/pages\/267","targetHints":{"allow":["GET"]}}],"collection":[{"href":"https:\/\/lemika.de\/index.php?rest_route=\/wp\/v2\/pages"}],"about":[{"href":"https:\/\/lemika.de\/index.php?rest_route=\/wp\/v2\/types\/page"}],"author":[{"embeddable":true,"href":"https:\/\/lemika.de\/index.php?rest_route=\/wp\/v2\/users\/1"}],"replies":[{"embeddable":true,"href":"https:\/\/lemika.de\/index.php?rest_route=%2Fwp%2Fv2%2Fcomments&post=267"}],"version-history":[{"count":9,"href":"https:\/\/lemika.de\/index.php?rest_route=\/wp\/v2\/pages\/267\/revisions"}],"predecessor-version":[{"id":1461,"href":"https:\/\/lemika.de\/index.php?rest_route=\/wp\/v2\/pages\/267\/revisions\/1461"}],"up":[{"embeddable":true,"href":"https:\/\/lemika.de\/index.php?rest_route=\/wp\/v2\/pages\/48"}],"wp:attachment":[{"href":"https:\/\/lemika.de\/index.php?rest_route=%2Fwp%2Fv2%2Fmedia&parent=267"}],"curies":[{"name":"wp","href":"https:\/\/api.w.org\/{rel}","templated":true}]}}